se 4*u + 12 + 0 = 0. Give m(u).
9
Suppose 3*k - 7 = 8. Let u = 8 + 13. Let t(x) = -6*x**2 + 5 + u*x**3 + 3*x - 34*x**3 + 14*x**3. Calculate t(k).
-5
Let b(u) = 1 + 0 + 17*u - 37*u - 5*u + 16*u. Let j = -19 + 21. Give b(j).
-17
Let c(m) = -2*m**2 + 21*m + 12. Let h be c(11). Let q be (-7 - -2)/(h - 2). Let g(p) = -p - p - 6*p + 9*p - 4. What is g(q)?
1
Suppose -3*r = 5*t + 210, -2*r - t - 4*t - 145 = 0. Let j = -65 - r. Suppose j = -9*s - 5 - 13. Let p(g) = g. Give p(s).
-2
Suppose -158*k - 9 = -155*k. Let w(x) = 2*x - 10. Let v be w(7). Let z(g) = -2*g**2 - g**3 - 2*g + g**2 + v - 4*g**2. Calculate z(k).
-8
Let o(v) be the second derivative of 4 - 5/2*v**2 + 7*v + 0*v**3 + 1/6*v**4. Calculate o(0).
-5
Let x(j) be the second derivative of j**5/60 - j**4/3 - j**3/6 - j**2/2 + j. Let o(z) be the first derivative of x(z). Let f be 768/112 + 3/21. Give o(f).
-8
Let h(a) = -1101*a - 1114*a - 1106*a - 189 + 3326*a. Give h(35).
-14
Let b(n) = -8*n + 65. Suppose -w = 56*m - 61*m + 32, m = w + 8. What is b(m)?
17
Let q = 227 + -66. Suppose -14*i = 9*i + q. Let n(j) = -j**3 - 7*j**2 + 2*j + 7. Determine n(i).
-7
Let z(t) = -4*t + 1. Let x(b) = -21*b + 6. Let o(v) = 2*x(v) - 11*z(v). Let k = -24262 - -24268. Give o(k).
13
Let k(j) be the first derivative of -j**6/120 + j**5/12 + j**4/3 - 2*j**3 + 76*j**2 + 21. Let u(g) be the second derivative of k(g). Calculate u(6).
0
Let s(m) = -12*m + 5. Suppose 0 = -920*r + 912*r - 40. Determine s(r).
65
Let f be 1*(8 + (-85)/5 - (-20 + 6)). Let c(t) be the first derivative of t**3/3 - 7*t**2/2 + 8*t - 1. Calculate c(f).
-2
Let r(u) be the first derivative of u**3/3 - 2*u**2 - 4*u + 616. Determine r(0).
-4
Suppose -470*v + 191*v + 2511 = 0. Let r(c) = 3*c**2 - 26*c - 15. What is r(v)?
-6
Let a be -10*48/(-640) + (73/(-4))/(-1). Let x(j) = 4*j - 49. Give x(a).
27
Let v = -66 - -74. Suppose -16*q + v*q = -528. Suppose -q + 31 = -7*l. Let d(a) = -a**2 + 6*a - 3. Give d(l).
2
Suppose 171 = 3*b - z - z, 168 = 3*b - 3*z. Let w(a) = -6*a**2 - 7 + b*a - 18*a - a**3 - 23*a - 16*a. Let q be -6 + (1 - 2) - -1. What is w(q)?
-19
Let d be ((-12)/(-9))/(8/(-156)). Let i(w) = w**3 + 27*w**2 + 24*w - 52. Let k be i(d). Let m(y) = y - 9. Give m(k).
-9
Let q(h) = 5*h - 10. Let i(x) = x - 2. Let m = -254 + 256. Let a(g) = m*q(g) - 11*i(g). What is a(10)?
-8
Let n(s) = -s**2 - 13*s + 1. Let q be 20/15*(-8)/((-80)/105). Suppose -3*u + 143 = -q*u. Give n(u).
1
Let f = -163 - -164. Let y(b) be the second derivative of -b**6/80 + b**5/120 - b**4/4 + 5*b. Let w(r) be the third derivative of y(r). What is w(f)?
-8
Let b(i) = i**3 - 3*i**2 - i + 4. Let v(s) = s**2 - 6*s + 8. Let a be v(6). Suppose -2*r - 2*r = 4*x + a, -x + 28 = -5*r. Give b(x).
1
Let k(p) = -5*p - 18. Let r be k(-19). Let w = -76 + r. Let o be (w/(-2))/((-24)/(-432)). Let d(z) = -z - 11. What is d(o)?
-2
Suppose -p + 3*y = -16, -5*p - 3 = -4*y - 39. Suppose 0 = 12*t - 19 - 5. Let b(l) = 0*l**2 + 16*l**2 + 2 + 0*l - 7*l**2 - 8*l**t - 2*l. Determine b(p).
10
Let x(p) = 4*p - 9. Let i = -1241 + 1246. Determine x(i).
11
Let s(d) be the third derivative of -3*d**4/8 + d**3/6 + 2*d**2 + 19*d. Let q(p) = 5*p - 1. Let h(v) = 5*q(v) + 3*s(v). Calculate h(-2).
2
Let c = -32 + 35. Let u(h) = -242*h**2 + 7 - 3*h - h**3 - 241*h**2 + 486*h**2. Give u(c).
-2
Let a(z) = -z + 1. Let l be a(-4). Let y(u) be the second derivative of -u**4/12 - u**3/2 - 3*u**2/2 - 20*u - 2974. Give y(l).
-43
Let x be (-80)/(-280) + 19/7. Let u(s) = 1058 + 2*s**2 - 1054 - x*s**2 - s. Calculate u(3).
-8
Suppose 469 = 83*s + 34*s + 352. Let k(t) = -5*t**3 + t. What is k(s)?
-4
Let g(f) be the first derivative of -f**4/4 - 7*f**3 - 41*f**2/2 - 57*f + 15. Let j be g(-19). Let c(s) = s**3 + 2*s**2 - s + 4. Give c(j).
4
Let n(g) = g + 2. Let c(s) = -6*s - 5. Suppose -7 = -10*b - 57. Let z(f) = b*n(f) - c(f). What is z(-8)?
-13
Let p(h) be the first derivative of h**4/4 - 4*h**3/3 - 2*h**2 - 7*h - 1. Suppose 7 = -2*u + 4*u + i, 2*u - 1 = -3*i. Give p(u).
-2
Let p be 1/(3/(2 + 25)). Let g(d) = 8*d**3 + 14*d**2 + 5*d - 9. Let h(z) = -19*z**3 - 30*z**2 - 9*z + 22. Let l(x) = 7*g(x) + 3*h(x). Determine l(p).
-6
Let t(s) be the second derivative of s**4/12 - s**3/6 - 2*s**2 + 10*s - 2. Let i be -1 - -2 - (-4 - -3). Suppose 6*u - i = 16. Give t(u).
2
Let q = -55 + -114. Let t = q + 176. Let n(j) = j + 1. Calculate n(t).
8
Let m(y) = -y**3 + 5*y**2 - 4*y - 5. Suppose -4*s + 66 = 22. Suppose -2*f + 52 = s*f. Determine m(f).
-5
Let m(y) = -18215 + 41*y + 9086 + 9130. Suppose -2*q + 3*q + 6 = -2*t, 4*t - 4*q - 12 = 0. Calculate m(t).
-40
Let q(d) = -2*d**2 - 8*d - 43. Let p(z) = -5*z**2 + 14*z + 1. Let s(c) = p(c) - q(c). What is s(9)?
-1
Let q(r) be the first derivative of r**2 + 51*r - 115. Give q(-22).
7
Let c(u) = -u**3 - u**2 - u - 9. Suppose 0*b - 2*b - 4*y = -82, 3*y + 82 = 2*b. Let k = -41 + b. Give c(k).
-9
Let s(o) = -13*o + 24. Let w be s(2). Let m be -28 + 21 - 12/w. Let d(c) = 42*c**3 + 2*c**2 + 2*c + 1. Give d(m).
-41
Let m(l) be the second derivative of l**4/12 - 8*l**3/3 - 10*l**2 - 105*l. Let j be m(17). Let x(w) = -w**2 - 5*w + 2. Give x(j).
8
Let q(k) = -65 + 191 - 71 - 22*k. Give q(3).
-11
Suppose 0 = y + 712254 - 712260. Let o(i) = -9*i + 1. Let k(n) = -5*n + 1. Let w(v) = 11*k(v) - 6*o(v). Give w(y).
-1
Let j(k) = -992*k - 990. Let i be j(-1). Let p(s) be the third derivative of 1/12*s**4 + 1/10*s**5 - 4*s**i + 0 - 1/6*s**3 + 0*s. What is p(1)?
7
Let g(r) = r + 2. Suppose -2 = -2*q + 8, l + 8 = 2*q. Suppose 3*t - 34 = 4*k, -3*k - t + l = 21. Calculate g(k).
-5
Suppose 3*w - 5 = 2*l, -4*w - 1 = -4*l - 9. Let a(n) = 3*n**2 + 4*n - 4. Let q be a(w). Let v(j) = -4*j + 3*j - q + 2 + 0*j. Give v(7).
-8
Let s(d) be the second derivative of d**5/20 - 3*d**4/2 + d**3/2 + 4*d**2 - 4707*d. What is s(18)?
62
Let m(o) = -7*o**2 - 37*o + 7. Let p(l) = -6*l**2 - 33*l + 6. Let q(t) = -2*m(t) + 3*p(t). Give q(-6).
10
Let z(i) = 38*i**2 - 5*i**3 - 70*i + 8*i**3 + 0*i - 85 + 16 - 4*i**3. Calculate z(36).
3
Let m = -132 + 134. Suppose 0*k = -4*k - m*d - 32, 0 = 5*k + 2*d + 42. Let n(j) = -j - 10. Calculate n(k).
0
Let f(g) = 121*g + 17 - 61*g - 30 - 57*g. What is f(11)?
20
Let q(a) = -22*a + 40. Let h(r) = -9*r + 2. Let g(k) = -4*h(k) + q(k). Calculate g(-2).
4
Let a = 44 + -19. Let j(c) = 5 - 7*c + c + a*c**2 + c**3 - 31*c**2 - c. Give j(7).
5
Let w(t) = -281*t - 1 + 559*t - 280*t. Let j(i) = 7*i - 11. Let p(f) = j(f) + 4*w(f). Determine p(0).
-15
Let v = -20 + 19. Let a(j) = j - 14*j**2 + 626 + 602 - 1228. Give a(v).
-15
Let n = -3 - -11. Suppose n = -3*j - 10. Let r(q) = -q**2 - 4*q + 12. Let g(p) = p + 3. Let t(d) = 2*g(d) - r(d). What is t(j)?
-6
Let h(r) be the third derivative of r**6/720 + r**5/15 - 19*r**4/3 - r**2 - 15. Let a(u) be the second derivative of h(u). Give a(-14).
-6
Let n(h) = -6*h - 2. Let z(g) = 3*g. Suppose 12*s - 7*s = 20. Let p(f) = s*n(f) + 9*z(f). What is p(-4)?
-20
Suppose n + 11 = -0*n. Let b(q) be the first derivative of -q**3/3 - 5*q**2 + 2*q - 529. What is b(n)?
-9
Let i(q) = 4*q + q - 6*q - 8*q - 5*q - 3*q**2 - 14. Give i(-1).
-3
Let o(z) = -z**3 - 10*z**2 - 8*z + 4. Let w(s) be the second derivative of s**4/12 - 10*s**3/3 + 5*s**2 - 5*s - 13. Let f be w(19). Determine o(f).
-5
Let i(b) = b - 9. Let d(c) = -2*c**3 - c**2 + c - 12. Let z be d(-4). Suppose -1 - 9 = -5*r, -3*v + r - 314 = 0. Let p = z + v. Give i(p).
-17
Suppose 0*n + 2 = 2*n. Let g(p) be the first derivative of 1/2*p**2 - p - 4/3*p**3 + 71. Determine g(n).
-4
Let i(j) = 1855 + 16*j**2 + j**3 - 1800 - 21*j + 24*j. Give i(-16).
7
Let c(d) = -54*d + 4 + 18*d + 14*d + 13*d + 8*d. Let k(h) = -8*h**2 - h. Let u be k(-1). Give c(u).
11
Let s(k) = 5*k**2 + 46*k - 2. Let p(d) = -7*d**2 - 61*d + 2. Let h(b) = -3*p(b) - 4*s(b). Suppose -5*n = -0*n + 4*f, 0 = n - 2*f. Determine h(n).
2
Let h(f) = -18*f + 118. Let b = 21144 + -21138. Give h(b).
10
Let b(n) = -7*n + 1. Suppose -30 - 179 = -40*y + 71. What is b(y)?
-48
Let t(m) = 367*m - 43 + 366*m - 736*m. Determine t(-8).
-19
Let t(w) = -w**3 + 3*w**2 - 2*w - 2. Let o(n) = -2*n**3 + 9*n**2 - 4*n - 7. Let x(j) = o(j) - t(j). Calculate x(4).
19
Let h(g) = 19*g**2 + 18*g + 4. Let z be h(-1). Let j(k) = 16*k + 7*k - 34*k + 9*k + z. Suppose 2*b - 14 = -3*i, -4*i + b = 4*b - 19. Calculate j(i